{"id":97,"date":"2024-10-30T21:49:42","date_gmt":"2024-10-30T20:49:42","guid":{"rendered":"https:\/\/www.cantinefenoglietto.it\/shop\/?post_type=product&#038;p=97"},"modified":"2026-05-07T09:29:26","modified_gmt":"2026-05-07T07:29:26","slug":"testard-erbaluce-di-caluso-docg-2023","status":"publish","type":"product","link":"https:\/\/www.cantinefenoglietto.it\/shop\/prodotto\/testard-erbaluce-di-caluso-docg-2023\/","title":{"rendered":"Testard Erbaluce di Caluso DOCG 2023 (x6)"},"content":{"rendered":"<p>Confezione da 6 bottiglie di Testard Erbaluce di Caluso DOCG, spedita con imballaggio omologato.<\/p>\n<h2>Presentazione<\/h2>\n<p class=\"justified\">Opera prima. La stagione 2023 \u00e8 caratterizzata da temperature elevate e da una siccit\u00e0 pronunciata. Piccola vigna (circa 1000mq) al 100% di Erbaluce di Caluso, viti di antica data e a bassa resa, a fitta densit\u00e0 d&#8217;impianto su tradizionale doppia pergola canavesana. Ci troviamo alla base della collina di Borgomasino, propaggine meridionale dell&#8217;Anfiteatro Morenico della Serra d&#8217;Ivrea. I terreni sono ricchi di ciottoli, detriti trasportati dall&#8217;antico ghiacciaio Balteo che scav\u00f2 la Valle d&#8217;Aosta per poi dilagare verso la pianura piemontese. La forte presenza di silice dona ai vini notevole freschezza e mineralit\u00e0.<\/p>\n<p class=\"justified\">Vendemmiamo nella seconda met\u00e0 di settembre 2023. L&#8217;uva \u00e8 pienamente matura, alcuni grappoli assumono il caratteristico colore dorato, quasi bronzeo, delle variet\u00e0 da passito. Altri mantengono un piacevole colorito giallo verdolino. Vengono sottoposti a spremitura soffice, poi si attende il completamento della fermentazione per trasferire il mosto in vasche d&#8217;acciaio, dove effettuer\u00e0 l&#8217;affinamento. Alla fine di aprile 2024 il vino \u00e8 pronto e viene imbottigliato. La gradazione alcolica finale \u00e8 di circa 13 gradi alcolici.<\/p>\n<p class=\"justified\">Con il nome &#8220;Testard&#8221;, idea di Domenico Forchino, vogliamo trasmettere la forza di volont\u00e0 e l&#8217;energia che c&#8217;\u00e8 alla base di questo progetto: recuperare la vecchia vigna del Chioso, eredit\u00e0 dei nonni, gettando il cuore oltre l&#8217;ostacolo. Fermare la decadenza rilanciando la posta in gioco, dando fiducia alle nostre viti navigate, compagne di una vita.<\/p>\n<h2 class=\"post-title bold\">Degustazione e Abbinamenti<\/h2>\n<p class=\"justified\">Selvaggio, irruente, indomabile. Cos\u00ec si presenta al primo assaggio (13\/05\/2024) il nostro Testard. Il vino all&#8217;aspetto \u00e8 cristallino, di un tenue color giallo verdolino con riflessi paglierini. Roteandolo nel bicchiere osserviamo come sia dotato di una buona consistenza, tracciando archetti regolari sulle pareti e scivolando lentamente verso il fondo. Al naso \u00e8 abbastanza intenso e fine, si presenta con un bouquet freschissimo, floreale e fruttato innanzitutto, ma anche con sentori erbacei e minerali. Non manca un piacevole tocco etereo donato dal suo tenore alcolico. All&#8217;assaggio \u00e8 secco e fresco. Caldo, poco morbido e sapido. Di corpo snello, sorprende per la piacevole persistenza agrumata. Abbastanza equilibrato, \u00e8 un vino giovane che avr\u00e0 sicuramente un&#8217;evoluzione da tenere d&#8217;occhio.<\/p>\n<p class=\"justified\">Fresco e secco, Testard 2023 \u00e8 ideale all&#8217;inizio del pasto o per un aperitivo informale. Si sposa particolarmente bene con coquillage e frutti di mare, come ostriche, gamberoni e caviale. Ideale anche con i risotti e le carni bianche alla piastra o alla griglia.<\/p>\n","protected":false},"excerpt":{"rendered":"<p>Confezione da 6 bottiglie<\/p>\n","protected":false},"featured_media":199,"comment_status":"open","ping_status":"closed","template":"","meta":{"pagelayer_contact_templates":[],"_pagelayer_content":""},"product_brand":[],"product_cat":[16],"product_tag":[],"class_list":["post-97","product","type-product","status-publish","has-post-thumbnail","product_cat-senza-categoria","first","instock","shipping-taxable","purchasable","product-type-simple"],"_links":{"self":[{"href":"https:\/\/www.cantinefenoglietto.it\/shop\/wp-json\/wp\/v2\/product\/97","targetHints":{"allow":["GET"]}}],"collection":[{"href":"https:\/\/www.cantinefenoglietto.it\/shop\/wp-json\/wp\/v2\/product"}],"about":[{"href":"https:\/\/www.cantinefenoglietto.it\/shop\/wp-json\/wp\/v2\/types\/product"}],"replies":[{"embeddable":true,"href":"https:\/\/www.cantinefenoglietto.it\/shop\/wp-json\/wp\/v2\/comments?post=97"}],"wp:featuredmedia":[{"embeddable":true,"href":"https:\/\/www.cantinefenoglietto.it\/shop\/wp-json\/wp\/v2\/media\/199"}],"wp:attachment":[{"href":"https:\/\/www.cantinefenoglietto.it\/shop\/wp-json\/wp\/v2\/media?parent=97"}],"wp:term":[{"taxonomy":"product_brand","embeddable":true,"href":"https:\/\/www.cantinefenoglietto.it\/shop\/wp-json\/wp\/v2\/product_brand?post=97"},{"taxonomy":"product_cat","embeddable":true,"href":"https:\/\/www.cantinefenoglietto.it\/shop\/wp-json\/wp\/v2\/product_cat?post=97"},{"taxonomy":"product_tag","embeddable":true,"href":"https:\/\/www.cantinefenoglietto.it\/shop\/wp-json\/wp\/v2\/product_tag?post=97"}],"curies":[{"name":"wp","href":"https:\/\/api.w.org\/{rel}","templated":true}]}}

<p>Confezione da 6 bottiglie di Testard Erbaluce di Caluso DOCG, spedita con imballaggio omologato.</p>
<h2>Presentazione</h2>
<p class="justified">Opera prima. La stagione 2023 è caratterizzata da temperature elevate e da una siccità pronunciata. Piccola vigna (circa 1000mq) al 100% di Erbaluce di Caluso, viti di antica data e a bassa resa, a fitta densità d&#8217;impianto su tradizionale doppia pergola canavesana. Ci troviamo alla base della collina di Borgomasino, propaggine meridionale dell&#8217;Anfiteatro Morenico della Serra d&#8217;Ivrea. I terreni sono ricchi di ciottoli, detriti trasportati dall&#8217;antico ghiacciaio Balteo che scavò la Valle d&#8217;Aosta per poi dilagare verso la pianura piemontese. La forte presenza di silice dona ai vini notevole freschezza e mineralità.</p>
<p class="justified">Vendemmiamo nella seconda metà di settembre 2023. L&#8217;uva è pienamente matura, alcuni grappoli assumono il caratteristico colore dorato, quasi bronzeo, delle varietà da passito. Altri mantengono un piacevole colorito giallo verdolino. Vengono sottoposti a spremitura soffice, poi si attende il completamento della fermentazione per trasferire il mosto in vasche d&#8217;acciaio, dove effettuerà l&#8217;affinamento. Alla fine di aprile 2024 il vino è pronto e viene imbottigliato. La gradazione alcolica finale è di circa 13 gradi alcolici.</p>
<p class="justified">Con il nome &#8220;Testard&#8221;, idea di Domenico Forchino, vogliamo trasmettere la forza di volontà e l&#8217;energia che c&#8217;è alla base di questo progetto: recuperare la vecchia vigna del Chioso, eredità dei nonni, gettando il cuore oltre l&#8217;ostacolo. Fermare la decadenza rilanciando la posta in gioco, dando fiducia alle nostre viti navigate, compagne di una vita.</p>
<h2 class="post-title bold">Degustazione e Abbinamenti</h2>
<p class="justified">Selvaggio, irruente, indomabile. Così si presenta al primo assaggio (13/05/2024) il nostro Testard. Il vino all&#8217;aspetto è cristallino, di un tenue color giallo verdolino con riflessi paglierini. Roteandolo nel bicchiere osserviamo come sia dotato di una buona consistenza, tracciando archetti regolari sulle pareti e scivolando lentamente verso il fondo. Al naso è abbastanza intenso e fine, si presenta con un bouquet freschissimo, floreale e fruttato innanzitutto, ma anche con sentori erbacei e minerali. Non manca un piacevole tocco etereo donato dal suo tenore alcolico. All&#8217;assaggio è secco e fresco. Caldo, poco morbido e sapido. Di corpo snello, sorprende per la piacevole persistenza agrumata. Abbastanza equilibrato, è un vino giovane che avrà sicuramente un&#8217;evoluzione da tenere d&#8217;occhio.</p>
<p class="justified">Fresco e secco, Testard 2023 è ideale all&#8217;inizio del pasto o per un aperitivo informale. Si sposa particolarmente bene con coquillage e frutti di mare, come ostriche, gamberoni e caviale. Ideale anche con i risotti e le carni bianche alla piastra o alla griglia.</p>
